o + -17. What is the tens digit of b?
6
Let q(f) = 583*f**2 + 6*f + 2. What is the units digit of q(-1)?
9
Let m(r) = -r**2 + 7*r + 22. Let i be m(10). Let z be i/6*(4 - 10). What is the units digit of z + -1 - (-2 - -4)?
5
Let s(r) = -r + 21. Let q be -6*(1 + (-4)/1). Let i be s(q). Suppose -5*c + 3*c + 46 = -i*j, c - 10 = -5*j. What is the tens digit of c?
2
Suppose 0 = -90*r + 91*r - 2657. What is the tens digit of r?
5
Let g(j) = 59*j**3 + 2*j**2 - 2*j + 1. Let v be g(1). Suppose -8*u - v = -9*u. Suppose 176 = 4*k - 4*l, 0*k + 2*k = -5*l + u. What is the units digit of k?
0
Let l = 90 + -86. Suppose -y - 2*d + 111 = 0, -2*y = -y + l*d - 105. What is the tens digit of y?
1
Suppose -r + 4*c + 652 + 24 = 0, 12 = 4*c. What is the units digit of r?
8
Let k(p) = p**3 - 6*p**2 - 15*p + 1. Let w be k(8). Let y(g) = g**2 - 3*g + 7. What is the tens digit of y(w)?
6
What is the units digit of -9*2/30 - (-2013)/5?
2
Let m be ((-4)/(-3))/((-22)/(-9) - 2). Suppose 35 = 8*s + m. What is the units digit of s?
4
Suppose -4*c + 9*c = 0. Let z be (-3)/(-6)*c + 5. Suppose -4*p + 67 = z*y, -y + 5*y - 70 = 5*p. What is the tens digit of y?
1
Suppose 3*t = -2*t + 3*n + 4862, -954 = -t - 4*n. What is the tens digit of t?
7
Suppose -4*x - 2008 = -4*d, -2*x = 2*d - 0*x - 1012. Let h = d + -332. What is the hundreds digit of h?
1
Let q(o) = o**2 - 3*o + 13. Let h(f) = -4*f - 2. Let p be h(-3). What is the units digit of q(p)?
3
Let h be (-5 + (-55)/(-3))*-3. What is the tens digit of (7 + 344/h)/((-4)/170)?
6
Let b = 365 - 93. What is the units digit of b?
2
What is the tens digit of (-11)/(33/(-9)) + 73*1?
7
Let u(i) = -i**3 - 17*i**2 - 9*i - 17. Let v be u(-16). What is the tens digit of (-20)/8 + 2 + v/(-2)?
6
Let o(k) = -k**2 + 16*k - 36. Let l be o(12). What is the tens digit of (l/(-10))/((-2)/160)?
9
Let q = 86 - 301. Let s = q - -309. What is the units digit of s?
4
What is the tens digit of 2*8/((-48)/(-4713))?
7
Suppose 0 = -4*q - 5*x + 791, 0*q + 5*q - 979 = -3*x. Suppose -7*z + q - 54 = 0. What is the tens digit of z?
2
Suppose 2*b - 14 = j + 9, -3*b = -12. Let f = j - -79. What is the tens digit of f?
6
Let c be ((-12)/(-8))/(3/100). Let o = 112 - c. What is the units digit of o?
2
Let k(q) = -21*q + 11. Let x(u) = 62*u - 32. Let p(m) = 17*k(m) + 6*x(m). Let r be p(3). What is the units digit of 3/((-6)/r*-5)?
4
Let p(z) = -7*z**3 + 2*z**2 + 3*z - 1. What is the hundreds digit of p(-4)?
4
What is the hundreds digit of -1*(0 - -1) - (-9361)/23?
4
Let f(d) = d - 6*d + d**3 + 11*d**2 + 16 - 4*d**2. Let p be f(-8). What is the tens digit of p/(-28) - (-390)/7?
5
Let v = 5 + -1. Suppose 3*g - 3 = -h + 11, 4*g - 24 = -v*h. What is the units digit of g?
4
Let r(f) = -2*f**3 - 3*f**2 - 2*f - 3. Let m be r(-2). Suppose 0*d - 10 = -3*d - m*j, j + 21 = 4*d. Suppose -d*v = -163 + 48. What is the units digit of v?
3
Suppose 11*m = 16*m - 15. Suppose s - m*u - 3 = 0, 0*s + 2*u + 22 = 4*s. What is the units digit of s?
6
Let n(j) = -j**2 + 11*j + 24. Let g be n(14). What is the hundreds digit of (-4820)/g - 24/(-108)?
2
Suppose -5*n + 114 = -181. Let k be (-1 + 2)/((-4)/136). Let x = k + n. What is the units digit of x?
5
Let q(f) = -5*f**2 + 7*f - 4. Let w be q(6). Let g = w + 242. What is the hundreds digit of g?
1
Let r(z) = -3*z**3 + 16*z**2 + 7*z + 44. Let x(v) = v**3 - 5*v**2 - 2*v - 15. Let i(f) = -3*r(f) - 8*x(f). What is the tens digit of i(9)?
2
Let w(c) = 5*c**2 + 32*c + 35. Let p be w(15). What is the units digit of p/32 - 2/8?
1
Let t = 14 + -9. Suppose 2*v = -t*h + 10, 3*v = -4*h + 2 - 1. What is the tens digit of 6/15 - 113/v?
2
Let s = -670 + 1303. What is the units digit of s?
3
Let l be (-2)/3*(-30)/(-20). What is the units digit of 0/l + 4 - -67?
1
Suppose -3*c = -k - 28, 5*k + 65 + 35 = -5*c. Let y = 88 - k. Let x = -56 + y. What is the units digit of x?
4
Let d = 12 - 4. Let b be (-4 + 5)/(2/d). Suppose 5 = b*q - 123. What is the tens digit of q?
3
Let s = -1 - -4. Suppose 5*j = p + 10, 3*p + 0*j - 24 = -s*j. Suppose -130 = -p*y - 15. What is the units digit of y?
3
Suppose -l + 3*h = 8*h - 22, -3*l = -5*h + 14. Suppose 16 = l*w + y + 2*y, 3*y + 8 = w. What is the units digit of w?
8
Suppose 489 = i - 5*i - s, 364 = -3*i + 2*s. Let k = i + 315. What is the units digit of k?
3
Let n = 42 + -38. Suppose -4*c = 3*q - 670, 0*c - 656 = -4*c + n*q. What is the tens digit of c?
6
Let z be 3/(-1*(-2 + 1)). Suppose -2*k + 0*f + 3*f + 29 = 0, -k + 1 = z*f. Let n(u) = 2*u + 6. What is the units digit of n(k)?
6
What is the thousands digit of 119744/(-48)*(-18)/8?
5
Suppose -2*o = 2*j - 0*o - 10, 0 = -3*j + 2*o. Suppose 0 = -j*d, -2*i + 12 = i - 2*d. What is the units digit of i?
4
Let h(l) be the first derivative of l**4/4 - 2*l**3/3 + l**2 + 3*l + 716. Suppose 0 = 4*n - 12, -3*c + 5*n - 1 = 2. What is the units digit of h(c)?
3
Let g be 6/15 + 68/5. Let t = 1 + 0. What is the units digit of -1 + g/(1 + t)?
6
Suppose t + 1143 = 7*l - 357, 4*l - t = 855. What is the tens digit of l?
1
Suppose 0 = -0*d + 3*d - 54. Let g = d - 21. What is the units digit of (-19)/(-3) + g/9?
6
Suppose 0 = j - 5*j + 72. Let w(n) = -j*n - n**3 - 9*n**2 - 21*n + 28*n + 5. What is the units digit of w(-8)?
9
Let b be 2*-2*(-3)/12. Let d(o) = -8*o**2 + 2*o + 3 - b - 6 + 2 + o**3. What is the units digit of d(8)?
4
Let k(i) be the first derivative of i**3/3 + 3*i**2 - 9*i + 1. Let t be k(-8). Let d(g) = -g**2 + 7*g + 1. What is the units digit of d(t)?
1
Let z = 19 + -17. Let n be 9/((-1 + z)/2). Suppose -2*i + i = -n. What is the tens digit of i?
1
Let r be 1/((4/(-4424))/(4/(-8))). Suppose 77 - r = -4*b. What is the hundreds digit of b?
1
What is the hundreds digit of (83/(-1) - -1)*-11?
9
Let j be 3 + 0 + (9 - 7). Suppose 0 = -4*k + 4*v + v + 295, -j*k + 410 = 2*v. What is the units digit of k?
0
Let s = 40 + -18. Let u(b) = -b**2 + 30*b - 16. What is the hundreds digit of u(s)?
1
Let x(b) = -14*b + 1. Let g be x(-7). Let a be (-1 + -7)*g/(-18). What is the tens digit of a*(-4 - 42/(-8))?
5
Let r be 10/6 - (-14410)/66. Let j = r - 106. What is the units digit of j?
4
Suppose 4*x = 4*r - 2028, 0*r + 3*r - 4*x = 1524. What is the units digit of r?
4
Let b = 177 - -86. What is the hundreds digit of b?
2
Let j(s) = -5*s - 26. What is the units digit of j(-6)?
4
Suppose -25*w + 21*w + 1108 = 0. What is the tens digit of w?
7
Let g = -45 + 47. What is the units digit of -7*(36/(-21))/g?
6
Let i(h) = h + 2. Let o be i(-2). Let z(x) = 2*x**3 + 91. What is the tens digit of z(o)?
9
Suppose -8*j + 3*j + 205 = 0. Suppose -34 + 10 = 4*g. What is the units digit of (-1)/g - j/(-6)?
7
Suppose 5*t - 3 + 3 = 0. Suppose 104 = a - t*a. What is the hundreds digit of a?
1
Let v(m) = 2*m. Let x(c) = -3*c. Let z(p) = 8*v(p) + 5*x(p). Suppose -5*a - 14 = 3*b, a - 18 = -5*b + 3*a. What is the units digit of z(b)?
2
Suppose -28*a + 188064 = 44*a. What is the hundreds digit of a?
6
Let b = -24 - -30. Suppose b*f = 182 + 4. What is the units digit of f?
1
Suppose -4*u + 9144 = 14*u. What is the tens digit of u?
0
What is the tens digit of 2*11/(2/(4 - -4))?
8
Let h be ((-4)/(-5))/((-9)/(-225)). Suppose 5*r - 3*s = 46, 3*r + s - 2 = h. What is the units digit of (-3 + 20/r)*-4?
2
Let x(s) = s**2 - 12*s + 15. Let b be x(12). Let k = 31 + b. Suppose 0 = -2*w + k - 14. What is the tens digit of w?
1
Let b = -3128 + 6022. What is the tens digit of b?
9
Suppose 0*g - g = -413. What is the tens digit of g?
1
Suppose 3*d = 5*i + 212, -46 = -d + 4*i + 34. Suppose 3*s - m = d, -m + 0*m = 4. What is the units digit of s?
0
Suppose -i - 10 = -2*i. Suppose 4*l + i - 2 = 0. What is the units digit of (l - 1) + 2*2?
1
Let b(q) = q**3 - 2*q**2 - 7*q + 10. Let j be b(5). What is the units digit of j/5*-1*(-4)/10?
4
Let u = -2397 + 4395. What is the hundreds digit of u?
9
Let j(k) = 2*k - 7. Let c = 6 + 10. Suppose 0*o = 4*o - c. What is the units digit of j(o)?
1
Suppose -3*a + 2*a - 5 = -3*b, 0 = -5*a - 10. Let i be (-2)/(-8)*20/b. Suppose -5*y - i = 0, 260 = 5*f - y + 99. What is the units digit of f?
2
Suppose u + 3*a = -18, -5*u = -4*a + 68 + 3. Let i be ((-8)/10)/(6/u). Suppose -16 = 4*v, i*v + 74 = -h + 4*h. What is the tens digit of h?
2
Suppose 2*o + 2*f = -456, -213 = o - 0*o - 2*f. Let j = 312 + o. What is t